)?
-2
What is the value of -6 - (-9 - -6) - (-3 + 7)?
-7
What is -1 + (-4 + 7 - 7) - -4?
-1
Calculate (-1 - -6 - (1 + 1)) + -1.
2
What is the value of 0 - (2 + (2 - -3 - 8))?
1
(-21 - -16) + -5 + 4
-6
What is (1 - -1 - -3) + -2?
3
What is 2 + -1 + -5 - -7?
3
Evaluate -15 - -12 - ((-8 - 0) + -1).
6
1 - 0 - -3 - (8 - 0)
-4
Calculate 8 + -13 + 8 + (-2 - -1).
2
Evaluate -4 - -7 - 3 - (-2 - -1).
1
What is the value of 8 + (4 - 6) + -12?
-6
1 + -2 + -2 - (0 - 8)
5
What is the value of 3 + -8 + 5 + 2?
2
Calculate 1 - (-2 + 3 - (4 - 8)).
-4
Evaluate (9 - (6 + -1)) + -8.
-4
Evaluate 4 + 0 - (52 + -45).
-3
Evaluate (1 - (-4 + 5)) + (10 - 4).
6
What is the value of 3 - 0 - (1 - -4)?
-2
What is -6 + (-2 - (-4 + 0)) - -9?
5
Evaluate -2 - ((2 + 0 - 3) + -1).
0
Evaluate -11 + 2 - (-3 - 1).
-5
Evaluate -2 - (-1 + -2 - -3).
-2
Calculate (-1 - -7 - 7) + -1 + 1.
-1
0 - (-4 + 1 + (-5 - -7))
1
1 - 2 - 8 - -4
-5
What is the value of 1 + 4 - (-56 + 63)?
-2
Evaluate (-1 - -4) + (0 - 6).
-3
What is -7 + 3 + (3 - (-1 + -2))?
2
Calculate 0 + (9 - (8 - 5)).
6
Calculate -1 + -4 + (13 - 4).
4
-1 + (-5 - (3 - 5))
-4
Calculate -14 + (-8 - 0 - -31).
9
What is the value of -6 + (18 + -8 - (0 - 2))?
6
Evaluate 0 + -4 + 3 + -5.
-6
Calculate -2 - -5 - (-40 - -38).
5
-1 - (-1 - -3) - (-3 - -1)
-1
What is (8 - (6 + 1)) + 9?
10
Calculate 0 - (-2 - 0) - (-12 + 18).
-4
-5 - (-18 + 7 + -6 + 4)
8
Calculate 4 + 0 + (2 - -1) + -3.
4
(3 - -5) + (0 - 0) + -1
7
Evaluate (3 - -5 - 0) + 13 + -20.
1
15 + -3 + -6 - 11
-5
Calculate 8 + (0 - 4) - 9.
-5
Calculate (-3 - -2) + -4 + 4.
-1
Calculate 5 + -1 - (-5 + (4 - -2)).
3
-9 - -7 - (-9 - -2) - 1
4
What is -11 + 8 + (7 - 10)?
-6
What is the value of (1 - 1) + (-11 - -11) - 4?
-4
(0 - 1) + 3 + -5 + -1
-4
What is the value of (-5 - -11 - 0) + -1?
5
(33 - 37) + (1 - 4)
-7
What is the value of 5 + -1 + 8 + -8?
4
What is the value of 13 + (-7 - -1 - (-21 + 20))?
8
-6 - (-5 + 1 + 0)
-2
Calculate (19 - 17) + (2 - (5 - -2)).
-3
Evaluate 1 + 1 + 17 + -17.
2
What is (0 - -15) + (14 + -7 - 15)?
7
What is 3 + 9 - ((7 - 9) + 7)?
7
What is 2 - (1 + (0 - 3) - 0)?
4
Evaluate 7 + -6 + (4 - 5).
0
Evaluate -3 - -4 - -6 - 12 - -3.
-2
What is -5 + 7 + -5 + -4 - -1?
-6
Evaluate (8 - 11) + -2 + 1 + -1.
-5
What is -1 + (0 - (2 - 5)) + 3?
5
What is the value of -3 - -2 - (1 - 4)?
2
Calculate (-7 - -1) + (-2 - -2) + 6.
0
Calculate 1 - (2 - 1 - -3).
-3
What is 3 - (3 - 5) - 4?
1
What is 0 + -9 + 7 + 2?
0
Evaluate 5 - (2 + -7 + (11 - 6)).
5
Evaluate -7 + 3 + -3 - -4 - 2.
-5
Calculate 1 + -6 + 2 + 5.
2
What is the value of (1 - 11) + -3 + (-4 - -12)?
-5
-1 - -4 - (3 + -9 + 5)
4
Calculate (1 - -1) + -7 + 0.
-5
What is 5 + 9 + -15 + 8?
7
What is the value of 1 - 0 - (-4 - -1)?
4
(9 - 4) + -3 + 0
2
What is the value of (-5 - 1) + 2 + -2?
-6
What is the value of -3 - 6 - (12 + -10 + -5)?
-6
Evaluate 9 + -9 + 9 - 2.
7
Evaluate 3 + (8 - 11 - (1 + -1)).
0
2 - ((-3 - -5) + 3)
-3
What is 0 + 4 - (-3 + 8 + 0)?
-1
Evaluate 3 - 2 - 7 - -3 - 0.
-3
-22 + (0 - -13) - -5
-4
Evaluate 4 - (4 + -2 + 4) - 3.
-5
What is (-4 - -3) + -4 + (6 - 3)?
-2
0 - -2 - (54 - 43)
-9
What is the value of -2 + (0 - -1) + -92 + 87?
-6
Evaluate (4 - (-4 - -5)) + -2 + 2.
3
What is -48 + 48 + 3 + 4?
7
What is -14 - -23 - (2 + 7)?
0
What is (-18 - -1) + (0 - -18 - 11)?
-10
Calculate 4 - 3 - -2 - 3.
0
What is the value of 17 - (14 + (7 - 7))?
3
What is -19 + 11 + 11 + -9?
-6
What is 0 + (-2 - (-4 + 1)) + -4?
-3
What is the value of (-5 - 2) + (13 - 4)?
2
What is the value of (1 - -1) + -4 + 1 + 0?
-1
Evaluate (1 - 4) + (-11 - (-16 - -8)).
-6
2 - -1 - 0 - (9 - 3)
-3
Evaluate 7 + (10 - 9 - 6).
2
What is (-12 - -3) + 4 + 3 + -3?
-5
Evaluate (9 + -11 - -2) + (-5 - -1).
-4
What is -6 + 0 + 0 + 2 + -1?
-5
-11 + (-8 - -13) + 12
6
1 - 0 - (3 - -1)
-3
(-10 - -6) + (1 - (-1 - -1))
-3
5 + (-8 + (-3 - -3) - -1)
-2
Evaluate 10 + -18 - (-10 + -1).
3
Evaluate -6 - (0 + (3 - 6) - -1).
-4
What is the value of (3 - -5) + 5 + -8?
5
-6 + 5 - (-6 - -3)
2
What is the value of 3 + -3 + 1 + -4?
-3
What is the value of 6 - (4 - 4) - 3?
3
What is the value of 1 + -3 + (4 - 0) + -2?
0
What is 153 - 140 - (1 + 8)?
4
What is -7 + -6 + 6 + 1 + 6?
0
Calculate (1 + 4 - 6) + -1.
-2
What is the value of (-1 - 0 - 3) + -14 + 17?
-1
What is the value of 0 + -10 - (-71 - -60)?
1
What is the value of -3 - (4 - (-3 + 2 + 4))?
-4
What is -12 + (0 - -2) + -10 + 14?
-6
3 - (4 + (10 - (2 - -6)))
-3
What is the value of -2 - (5 + (-4 - (-2 + 1)))?
-4
Calculate (1 - (4 - 10)) + 2 + -8.
1
(-4 - -8) + -9 - -5
0
What is 1 + 0 + -2 - (-4 - -8)?
-5
Evaluate -34 + 35 - (1 + 0 + -1).
1
Evaluate -5 + (10 - (-1 - -4)).
2
What is the value of -2 - ((0 - 0) + (-6 - -6))?
-2
1 - 6 - (-17 + 34 + -31)
9
10 + (-26 - -10) - -9
3
What is the value of -2 + 1 + 4 - (39 + -35)?
-1
(2 - (6 - 4)) + 0 + -2
-2
Evaluate 12 + (-13 - -6) - (0 + 3).
2
What is -15 - (-14 + (7 - 4))?
-4
Calculate -6 + (6 - 2) + (-2 - -4).
0
What is the value of 9 + -2 - (4 + -2)?
5
Evaluate (4 - 0) + (-2 - -4 - 2).
4
6 + (0 - 6) + -1
-1
-2 + 0 + (7 - 3) + -1
1
What is 2 - -3 - (30 + -11 - 12)?
-2
-3 + 4 - (1 + -1 - -3)
-2
What is the value of (3 - (-4 - 11)) + -9?
9
Evaluate (12 - 10) + (-11 - -1) + 3.
-5
Calculate -7 + 1 + 3 + 2.
-1
(1 - 1) + -8 + 9
1
Calculate -3 - (1 + -2 + 0).
-2
Calculate (-1 - 0) + 18 + -3 + -18.
-4
What is (8 - 2) + -2 - -3?
7
Evaluate -2 + -3 + 2 + 8.
5
What is the value of (-3 - (-3 - (6 - -1))) + -2?
5
Evaluate 4 + -8 + (-3 - (1 + -7)).
-1
6 - (0 + 7 - -4)
-5
Evaluate -6 - (-10 - (6 - 11)) - 8.
-9
What is 5 + -3 - 4 - 3?
-5
Calculate (3 - 2 - (11 + -17)) + -4.
3
What is 2 + (-5 - -1) - (2 - 2)?
-2
What is the value of -1 + -9 + -23 + 41?
8
(5 - 3) + (-8 + 3 - -5)
2
-1 + (3 - 1) - (-2 + 0)
3
What is -6 + (19 + -13 - 2)?
-2
What is the value of (-7 - (0 + -4)) + 4?
1
What is -6 + -6 + -1 + 4 + 7?
-2
What is 1 + 3 + -4 + (-18 - -15)?
-3
What is -2 + 0 - (-2 + -3)?
3
What is the value of (-1 + 1 - 0) + (1 - 1)?
0
Evaluate 3 + (-3 - -1) + 2 + -2.
1
Evaluate (23 - 29) + -1 + 12.
5
What is 0 + 0 + -2 + -2 - -4?
0
What is -2 - ((43 - 48) + (1 - 1))?
3
What is the value of 4 + -16 + 6 + -1 - -3?
-4
Calculate (-3 - 1) + 14 + -16.
-6
Calculate 2 + -3 - (-1 + (22 - 14)).
-8
What is the value of 5 - (1 + (0 - -2))?
2
Evaluate (0 - -3 - 1 - 2) + -2.
-2
2 - -2 - (-22 - -29)
-3
What is the value of -1 + (-4 - (-1 + (6 - 3)))?
-7
What is the value of (7 - 2) + -8 + (0 - -1)?
-2
What is (3 - (0 - (-4 + -1))) + 1?
-1
Calculate 93 + -103 + (-1 - -17).
6
What is the value of (-30 - -25) + 0 + 2?
-3
Calculate (-1 - (-1 + -4)) + (-45 - -41).
0
Evaluate -1 + 3 + (-1 - -4).
5
What is 5 + (-17 - -12) - 7?
-7
8 + (5 - 9) - (-1 - 0)
5
(-3 + -7 - -6) + (7 - 6)
-3
What is the value of (-2 - 0 - (-13 + 13)) + 2?
0
What is the value of (1 - -3) + -1 + 1?
4
Evaluate 1 + 3 + 6 + -3 + -3.
4
Calculate 1 + (6 - (8 - 5)).
4
Evaluate 0 - (6 - (3 + 4)).
1
What is the value of 8 + -10 + (-10 - -4)?
-8
Evaluate 6 + -3 + -4 + 3 - -2.
4
Evaluate (4 - 10) + (1 - -3).
-2
-2 + -1 + 4 - (5 - 3)
-1
What is the value of (132 - 123) + (-1 - 5)?
3
4 + -1 - (-3 + 10)
-4
What is 2 - (-3 + -1 + (14 - 10))?
2
-2 + 0 - ((0 - 0) + 2)
-4
Calculate 0 + (-3 - -6) - (-9 + 10).
2
Calculate (2 - 0) + -1 + -6 + 3.
-2
Calculate (0 - 8) + (16 - 10 - -9).
7
What is (4 - (2 - -3)) + (1 - -3)?
3
1 + -1 - (8 - 0)
-8
-3 + 0 + 4 + -12 + 10
-1
11 + -13 - (-5 + -2)
5
What is -12 + 8 + (5 + 3 - 15)?
-11
What is (5 - -2) + -5 + 1 + -1?
2
Evaluate -11 + 5 - -6 - (-1 + 1).
0
Evaluate -6 - (5 + -7) - (-6 - 1).
3
Evaluate (3 + 6 - 13) + 0.
-4
Calculate (-10 - (-4 - 0)) + 11.
5
What is the value of 2 + 1 + 26 + -23 + 2?
8
Evaluate -2 + (-10 - -3) - (26 - 30).
-5
What is the value of -3 + (-1 - (4 - 1) - -2)?
-5
Calculate -6 - (0 - (1 + 0) - 2).
-3
Calculate -4 - (6 - 1 - 4).
-5
Calculate -1 + (-1 - -5) - -1 - 0.
4
-43 + 42 + (1 - 1)
-1
3 - (2 - -2) - 3
-4
Calculate 9 + -5 + (1 - 1).
4
What is the value of -2 - (-2 - (4 + -2))?
2
-6 + -3 + 5 + 5 + -6
-5
What is 3 + (-12 - -4) + 5 + -1?
-1
What is the value of 4 + 3 + -7 - 2?
-2
Evaluate -12 - -20 - (-1 - -6) - 2.
1
What is 1 + 5 + -5 + 3?
4
What is the value of (12 - 3) + (-10 - 3)?
-4
Evaluate -10 + 12 + 7 + (-4 - 1).
4
What is 4 + -3 + -1 - (-4 - -2)?
2
Evaluate (2 - (2 - -1)) + (-1 - -2).
0
What is 1 + (1